- (-89 - -96))?
-7
What is the value of 0 - 0 - (84 - 81)?
-3
What is the value of (1 - -4) + (-22 - 2)?
-19
What is the value of -7 - (7 + -25) - (40 + -33)?
4
Calculate -39 + 35 + -3 + 14.
7
Evaluate 21 - (18 - (-43 + 19)).
-21
Evaluate (-25 - (-3 - 21)) + 1 + 13.
13
Calculate -11 + 2 + -4 - (747 + -758).
-2
What is the value of 7 + 2 - (-2 + (-10 - -9)) - 1?
11
Evaluate -13 + (1 - -14) + 2.
4
Evaluate 52 - (25 - (-25 - -23)).
25
Evaluate -2 + (-9 - -2) + 18.
9
What is the value of 13 + (-37 - -30) + (2 - -2)?
10
What is the value of (1663 - 1662) + (-29 - (2 - (-1 - -3)))?
-28
-3 + 8 + -16 + 13
2
What is the value of 12 - (-9 - (-9 + -1))?
11
5 + (2 + -7 - 12) - -31
19
What is -15 + (15 - 9) + 7?
-2
Evaluate (112 - 112) + 0 + 7.
7
What is the value of (-4 - -4 - 8) + -6?
-14
Evaluate 1 - -3 - ((-18 - 1) + 31).
-8
Evaluate (85 - 52) + -34 + -7 + -1 + 1.
-8
Calculate -1 - (15 + -23 + 2 + 1).
4
What is the value of 15 + (-12 + 3 + 7 - (4 + 2))?
7
What is 9 + -13 - (-62 - -61)?
-3
Evaluate (2 - (-7 - -16)) + 2 + (0 - -2).
-3
What is 19 - ((15 - 4) + -4)?
12
Calculate (-21 - (-3 + -4)) + 6.
-8
Evaluate (6 + 2 - 1) + -6 + -5.
-4
(-15 - -14 - -27) + -1 + -4
21
What is the value of -1 + 30 - (-983 + 997)?
15
What is the value of -20 + 47 + -14 + (2 - 1)?
14
What is the value of -12 + 11 + (0 - 2) + (-7 - -6)?
-4
What is -11 - (17 + -30 + 6 + -15)?
11
What is the value of (-2 + -7 + 6 - -9) + (11 - 31)?
-14
What is the value of (-85 - -74) + 6 + 31 + -7?
19
Calculate -6 + (4 + (-33 - -14) - 11).
-32
What is 20 + (-4 - (-7 + 4)) - (61 - 63)?
21
-60 + 32 + 27 - -4
3
Calculate -18 + 21 - (3 + (-20 - 4) - -3).
21
6 - (15 + (12 - (3 + 3)) + -10)
-5
Calculate (1 - 12) + 4 + -7 + -4 + 7.
-11
What is the value of 13 - (2 + 17 + -14)?
8
Evaluate (-13 - -4) + 16 + (9 - (9 - -8)).
-1
What is -10 - (6 + -22) - (-1 + 2)?
5
-5 + 9 + -33 + -12 + 22
-19
Calculate 0 - 11 - 2 - (1 + -10).
-4
-11 - ((4 - 12) + 1)
-4
Calculate -43 + (24 - -22 - -24).
27
What is the value of -13 + 13 + 7 - 17?
-10
What is (-30 - -22 - (1 - -1)) + 35?
25
Calculate 46 + -51 - (0 - (1 + 2)).
-2
-26 + (20 - 18) + 5
-19
What is (-11 - (-5 - 12) - (9 + -2)) + 2?
1
-7 + 5 - (8 + -6)
-4
What is the value of 36 - (-1 + 11 + -155 + 161)?
20
43 + (0 - (-2 - -27))
18
Evaluate (2 - 0) + (6 - (2 + -4 - -6)).
4
Calculate 0 + 0 + -1 + (-326 - -304) + -3.
-26
Calculate 31 + -10 + -34 + 22.
9
Calculate 60 - 88 - (-38 - -26).
-16
9 + 23 + -17 - 3
12
What is -6 - 2 - 3 - (-18 + 32)?
-25
Evaluate (-19 - 6) + (2 - 11 - -9).
-25
-60 + 46 - -15 - -29
30
What is the value of (-10 - (6 + -11)) + -14 + -4?
-23
Calculate 11 + 15 + 5 + -26.
5
13 + 0 + -19 + (1 - (-1 + 4))
-8
Evaluate (10 - (1 + -1)) + (-165 - -166).
11
-74 + 62 + 1 + -1 + -4
-16
What is -21 + 19 - 5 - (-1 - -22)?
-28
What is the value of -5 + (-7 - (18 - 18) - (-2 - 25))?
15
What is the value of (7 - (3 - 0)) + 183 + -189?
-2
-2 - (-5 + 1 + 1)
1
-3 - -1 - (-120 - -107)
11
Evaluate 11 + 16 + -28 + -2 + -10.
-13
Calculate -7 - (-3 + -3) - 3.
-4
What is (4 - (-23 + 28)) + 21?
20
What is -2 + 38 + 13 + -26?
23
What is the value of 1 + (-26 - -6) + 0 + 7?
-12
Calculate 13 + -63 + 61 - (7 - -1).
3
Evaluate (-11 - -25) + -7 + 1 + -11.
-3
Calculate -11 - (-8 + 2) - ((8 - 1) + -4).
-8
-7 - 3 - -12 - -9
11
What is 1 - -8 - (-27 + 52)?
-16
Calculate 0 + -4 + -34 + 28 - (-5 - -8).
-13
Evaluate 39 + (-3 - 2 - (-16 + 33 + -13)).
30
Evaluate (33 + -66 - -17) + -4 + 2.
-18
Calculate (-1 - -12) + 60 + -67 - (-1 - -3).
2
What is (-7 - -23) + -25 + -3 + 15?
3
What is (-4 - -34) + (79 - 111)?
-2
11 - (-6 + 7 + -8)
18
Evaluate 0 - (-1 + -2 + (-9 - -1)).
11
(-3 - 6) + (2 + 0 - -8)
1
-14 - ((14 - 16) + 8 + 1 + -3)
-18
What is the value of (-1 + 0 - (30 + -29)) + 2 - -5?
5
What is the value of 2 - (-2 + 2 - (8 - -5 - 5))?
10
Calculate -14 - -23 - 15 - -13.
7
Calculate -19 + 1 + (-102 - -45) + 55.
-20
Evaluate 13 + -1 - (14 - ((-1 - -7) + 3)).
7
Calculate 134 + -122 + (-1 - 31).
-20
-7 - (5 - 10) - -4
2
-13 - 1 - (-254 - -249)
-9
Calculate 11 - (3 + 11 - (21 - 1)).
17
-36 - ((18 - 10) + -32)
-12
What is the value of -8 + 62 + -23 + -11?
20
Calculate -88 + 82 - (4 + -20 + 6).
4
What is the value of 11 - 1 - ((-13 - 1) + 7 - -4)?
13
377 + -364 + (0 - 1) + 5
17
-13 + (22 - (-19 + 5))
23
What is the value of (0 - (-2 - 0)) + 7 + (2 - -3)?
14
What is the value of (8 - -1) + -9 + -17 + 11?
-6
6 + 6 + (-9 - -12) + -25
-10
What is (16 - (-1 + 3)) + -9 + (9 - -2)?
16
1307 + -1324 + -1 + 1 + 16
-1
What is the value of -5 - (2 - 6 - 4) - 14?
-11
31 + (-84 - (-15 + -9))
-29
What is -12 + 15 + -20 + 4?
-13
What is (-7 - -8) + 18 + (6 - 10)?
15
-1 + 0 - (1 + 3 + 12 + -7)
-10
What is -79 - (-46 - 19) - (-19 + 2)?
3
What is (1 + -1 - 0) + 333 + -327?
6
-2 - (-5 + (3 - 2)) - (-4 - 10)
16
What is the value of -3 + 4 - 14 - (230 + -220)?
-23
What is the value of -1 + 41 + 1037 + -1061?
16
Calculate 1 + -13 + (-8 - (9 + -17)).
-12
What is the value of 6 + 5 + (-12 - -3) + 7?
9
Evaluate -28 + 16 - (-13 + -2).
3
Calculate -37 + (5 - -4 - (-21 - -14)).
-21
What is (-20 - -4) + 7 + -10 + 5?
-14
-364 - -368 - (15 - 0)
-11
What is -10 + 5 + 2 + 4 + 21?
22
What is the value of (5 - (-11 - -16 - -1)) + 15?
14
Evaluate (-1 + 6 - 1) + -4.
0
Evaluate 33 - (25 - (11 + 4)) - 15.
8
What is 8 - 3 - ((33 - 7) + -25)?
4
What is -2 + -3 - (-7 - (-27 + 10))?
-15
What is -1 + 6 + 2 - (24 + (-3 - -11))?
-25
Calculate 11 - (5 - (-3 + 6)) - (1 - 2).
10
What is the value of 42 + -22 + -16 + 5?
9
What is -22 + 4 + 7 + -5 + -6 + -12?
-34
9 + (-11 - (3 - 0))
-5
Evaluate -1 + -3 + 11 + -11 + 19.
15
Calculate -196 - -190 - (1 + -6).
-1
What is the value of (-2 - -1) + 3 + 2 + (1 - 2)?
3
(4 - (13 + 0)) + 7 + 5
3
Calculate (3 - (-3 + (-3 - -1))) + (-105 - -84).
-13
-28 + (31 - 25) - -25
3
What is the value of -29 + 25 + (-42 + 5 - (-5 - 0))?
-36
(-1 - 0 - -1) + -8 + 72 + -69
-5
Evaluate 24 + -1 + -36 + 26.
13
What is the value of 33 - (28 + 44) - -46?
7
What is the value of 11 - 2 - (23 + -20) - (-15 - -21)?
0
-4 + 1 + -16 + -7 + 16
-10
Evaluate -2 - 22 - (10 - (8 - -17) - -5).
-14
What is 2 + -10 + (-1 + 0 - (3 + 0))?
-12
What is 14 + 1 + 323 + -355?
-17
(-5 - (5 + -2)) + 40 + -49
-17
Calculate -26 + (-2 - (-3 - 16)).
-9
What is 9 - (-10 + (30 - 8))?
-3
Calculate -3 - -11 - ((74 - 80) + (0 - -6)).
8
Evaluate -7 - (-4 - (-5 - 2)) - (-41 + 7).
24
Evaluate (-1 + -8 - 6 - -13) + (1 - -5).
4
-46 + 39 + (12 - 2) + 6
9
Calculate 0 + 19 - (-69 + 89 + -27).
26
1 + -2 + -3 + (-4 - -19 - 16)
-5
What is the value of (-29 - -27) + (28 - 8 - 10)?
8
Evaluate (43 - (2 + 18)) + -8.
15
What is -7 + -4 + (10 - 5 - -7) + 0?
1
What is the value of (5 - 4) + 0 + 6 + -2?
5
What is 16 - 22 - (1 - (2 + -4) - 10)?
1
What is the value of 0 - (-25 - -28 - (-3 + -1)) - 3?
-10
Calculate 13 + -11 + (-10 - -13 - 2).
3
What is 13 - (11 - -8 - -6)?
-12
-9 - (-38 - (-14 + 1)) - 9
7
Evaluate -36 + 128 + -41 + -41.
10
Evaluate -13 + (4 + (0 - 2) - (0 - -8)).
-19
Calculate -5 + 21 + (-5 - (-17 + (16 - 10))).
22
Evaluate -164 - -171 - (25 + -2 - (2 - -1)).
-13
Evaluate (0 - -3) + (3 - -10) + -22.
-6
Calculate (2 - -2) + -12 + -3 + 6 + 1.
-4
What is the value of 11 - (-2 + (11 - 20) + 7)?
15
Calculate (-3 - (8 + -8 + 1 + -2)) + -9.
-11
What is the value of 3 + -5 + -4 - 5?
-11
Calculate -1 + (-4 + -1 + 11 - (13 + -8)).
0
(-22 - -20) + (18 - (0 + -4 + 4))
16
Evaluate 2 + 2 + (-9 - 2) - (55 + -50).
-12
What is (-12 - -4) + (-1 - -1 - (18 + -29))?
3
Evaluate 25 + -20 + (28 - 1).
32
Evaluate 0 - -23 - (40 + -21).
4
Calculate (-1 + 1 - (3 - (6 + 3))) + 7.
13
What is the value of 51 + -29 + -30 - -10?
2
Evaluate (-9 - (3 - 5 - -3)) + (1 - -6).
-3
Calculate (6 - -11) + 0 + -9 + 7.
15
What is the value of 9 + 10 + -9 + 3?
13
What is -5 + (3 + 3 - (-10 + 20 - 7))?
-2
What is the value of 20 + -34 + -13 + 13?
-14
(-7 + (8 - -1) - -14) + 6
22
What is the value of 5 - ((-1 - (7 + 6)) + 5 + 32)?
-18
Calculate 7 + -4 + 4 + -2.
5
Evaluate -103 + 82 + (-2 - -2) + 5.
-16
-9 + 28 - 12 - 20
-13
Calculate 53 + (33 - 76) - (8 - -3 - 2).
1
-8 + -7 - -9 - (1 + -2)
-5
What is the value of 7 + (2 - (-10 - -7)) - (-2 - 2)?
16
What is the value of (-11 - 7) + 27 + -8?
1
What is the value of 21 - (1 + 5 + -12 + -3 + 8)?
22
14 - -4 - 46 - 3
-31
Calculate 0 + 3 + (-32 - (24 - 47)).
-6
